lculate the remainder when 106 is divided by w(18).
34
Let a(g) = 6*g - 5. Calculate the remainder when a(7) is divided by (18/(-27))/((-2)/39).
11
Let f be (-3)/(-2) + 2/4. Suppose -2*v = 3*v - 20, -3*v - 10 = -f*l. What is the remainder when 31 is divided by l?
9
Let j = 7 - 6. What is the remainder when j + (-3 - 0) - -38 is divided by 13?
10
Let h(l) = l**3 - l**2 + 3*l + 4. Let z be 2/(0 + 2/19). Suppose x - 6*o + 2*o + 5 = 0, 3*x = -5*o + z. What is the remainder when h(x) is divided by 11?
9
Suppose v = 3*l - 28, 2*v + 2*v - 5*l = -84. Calculate the remainder when 67 is divided by ((-68)/v)/((-2)/(-8)).
16
Let l be 2/(4 - 2)*0. Suppose -t = 4*g - 9*g + 6, l = g - 3*t + 10. Suppose -g*z = z - 9. What is the remainder when 5 is divided by z?
2
What is the remainder when 52 is divided by (-1)/(3/12) - -18?
10
Let t be 102/(-27) - 4/18. Let i be t/(-3)*(-6)/4. What is the remainder when 32 is divided by (44/i)/(1 - 3)?
10
Let b(h) = -h**3 + 5. Let t be b(-4). Suppose -t = 3*v + 4*i - 21, -5*i - 15 = 0. Let q = 0 - v. Calculate the remainder when 23 is divided by q.
11
Let z(y) = 3*y + 5. Let a(i) = -10*i - 1. Let m be a(-1). What is the remainder when z(m) is divided by 11?
10
Let v be (-23)/(-7) - (-2)/(-7). Suppose -2*k - 1 = v, 4 = 4*h + 4*k. Calculate the remainder when (-4)/(-2) + 1 + 5 is divided by h.
2
Let t = 37 - -147. Let u = -43 + 71. What is the remainder when u is divided by (-2)/9 - t/(-18)?
8
Let b(p) = p**3 - 2*p**2 - 4*p + 3. Let t be b(3). Let q = 4 - t. Let y(u) = -u**3 - 3*u**2 - 2*u + 4. What is the remainder when y(-3) is divided by q?
2
Let d = 74 - 56. What is the remainder when 47 is divided by d?
11
Suppose 0 = y - 8 + 2. Suppose 4*w + 80 = 5*m + 9, 3*m - 3*w = 42. Calculate the remainder when m is divided by y.
3
What is the remainder when -1 - 10*10/(-4) is divided by 9?
6
Let f(j) = -8*j**2 - 1. Let n be f(-1). Let h(r) = r**3 + 10*r**2 - 8*r - 13. Let g be h(n). What is the remainder when 40 is divided by (4/10)/(4/g)?
12
Suppose -a - 3*i + 6*i + 37 = 0, 5*a - 130 = 4*i. Suppose -5*g + 6 = -54. What is the remainder when a is divided by g?
10
Suppose b + 4*j = 6*b - 83, -5*j = -15. Let m be (-183)/(-6) + (-1)/(-2). Let i = 24 + m. What is the remainder when i is divided by b?
17
Let k = 1 + 11. What is the remainder when k is divided by 5?
2
Let z be (-8)/(-6)*3/(-2). Calculate the remainder when 10 is divided by (-6)/(-4)*(z + 6).
4
Let p be -32 - (0 - -2)/2. Let b = 84 + p. Let k(r) = r**3 - r + 2. What is the remainder when b is divided by k(3)?
25
Suppose -u + 2*n + 14 = -2*n, 13 = 5*u - n. Suppose 0 = 3*c - u*c + 3. Let p = c - -16. What is the remainder when 24 is divided by p?
11
Let a be 18/14 + 8/(-28). What is the remainder when (1 + a)*-1*-10 is divided by 7?
6
Let y(w) be the first derivative of 1/2*w**2 + 3 - 5*w. What is the remainder when 2 is divided by y(7)?
0
Suppose -3*s + 5 = 2*s, -4*c + 5*s + 471 = 0. What is the remainder when c is divided by 12?
11
Let n = -4 + 10. What is the remainder when 19 is divided by (-2 - 20)*(-3)/n?
8
Suppose -11*o + 13*o = 16. What is the remainder when 29 is divided by o?
5
Suppose -2*a = -3*d - 10, 2*a + 3*d = -0*d + 22. What is the remainder when 29 is divided by a?
5
Suppose 5*f - 2*o = 36, -5*f - 3*o + 15 = 2*o. Calculate the remainder when (-28)/6*(-45)/10 is divided by f.
3
Suppose -35*w + 40*w - 430 = 0. What is the remainder when w is divided by 22?
20
What is the remainder when (464/20)/((-3)/30*-4) is divided by 15?
13
Suppose 231 = 4*v - v. What is the remainder when v is divided by 20?
17
What is the remainder when 13 is divided by (-6)/(((-4)/(-8))/(9/(-12)))?
4
Calculate the remainder when 5 + 50 + (-1)/1 is divided by 19.
16
Suppose -6 = -5*t - 3*h - 1, -h - 4 = -4*t. Let z be (2 - t)*-1 - -2. What is the remainder when 9 is divided by 4 - (2 + -2 - z)?
4
Suppose -d + 6*d = 80. Calculate the remainder when (-9)/((-45)/250) - 3 is divided by d.
15
Suppose -a - 238 = -3*g, -g = 5*a + 21 - 95. What is the remainder when g is divided by 41?
38
Suppose 3*s - 18 - 14 = 2*u, -4*s + u = -41. Let v(b) = -b**2 - 12*b + 8. Calculate the remainder when v(-10) is divided by s.
8
Let w = 57 - 33. Suppose 3*i + 3*y = 33, 2*y + y = -4*i + 46. Let a = i + -4. Calculate the remainder when w is divided by a.
6
Let m = -22 - -32. Let y = -21 - -38. What is the remainder when y is divided by m?
7
Let x = 364 - 349. What is the remainder when x is divided by (1 - 0) + 7 + 0?
7
Suppose v - 30 = -2. What is the remainder when 82 is divided by v?
26
Let r(s) = 2*s - 8. Let p(f) = f - 4. Let k(c) = 5*p(c) - 2*r(c). Calculate the remainder when 12 is divided by k(7).
0
Let m = -14 + 16. Suppose -2*a + 2*f + 116 = 0, 2*f = m*a + 3*a - 281. Calculate the remainder when a is divided by 14.
13
Let i be 4/(-6)*(-18)/4. Suppose -i*n + 5 + 88 = 0. Suppose 5*z = 5*q + 60, 4*q = -2*z + q + 44. Calculate the remainder when n is divided by z.
15
Suppose l - 153 = -2*l. Calculate the remainder when l is divided by (-9*3)/(6/(-4)).
15
Let t = 16 - -33. Suppose -77 = -4*g - 3*z, 5*g - 25 = 3*z + 51. What is the remainder when t is divided by g?
15
Suppose 5*a - 17 = 3. Suppose n = -a*z - 7, 2*n + 3*z + 2 = -2*z. What is the remainder when n is divided by 5?
4
Let l = 9 + 3. Suppose 64 = 3*k - k. What is the remainder when k is divided by l?
8
Suppose 3*g = 4*g - 9. Suppose 0 = 5*y - 0*y - 85. What is the remainder when y is divided by -1*(1 + 2) + g?
5
Suppose -5*x = -48 - 107. Suppose 2*c - 5*u - x = 0, 4*c - 5*u + u - 44 = 0. Calculate the remainder when 30 is divided by c.
6
Suppose 0 = -2*f + 8 - 18, 2*f = -y + 37. What is the remainder when y is divided by (0 - -2)/((-2)/(-13))?
8
What is the remainder when ((-2)/6)/(4/(-420)) is divided by 12?
11
Let t = 2 + -2. Suppose 2*x + t = 4. Let z = 3 - x. Calculate the remainder when 2 is divided by z.
0
Let f(k) = k**3 + 13*k**2 + 8. Calculate the remainder when 23 is divided by f(-13).
7
Let t be 1/3 + 116/3. Suppose 3*k + 65 = 4*j, -4*j + 2*j - 5*k = -t. Calculate the remainder when ((-11)/2)/((-3)/18) is divided by j.
16
Let v(n) = -9*n + 47. Calculate the remainder when v(0) is divided by 9.
2
Let c(m) = m**3 + 24*m**2 - 29*m + 7. What is the remainder when c(-25) is divided by 22?
19
Let f be 4 + -2 + 2 + 0. Suppose -t - 242 = -5*b, b + f*t - 61 = -0*b. Calculate the remainder when b is divided by 17.
15
Let y(f) = 1 + 0*f + f - f**2 + 2*f + 2*f. Let b(v) = v**3 - 5*v**2 + 4. Let l be b(5). What is the remainder when 8 is divided by y(l)?
3
Suppose -36 = -6*t - 0. Calculate the remainder when 29 is divided by t.
5
Let p be 44/10 + (-14)/35. Suppose 5*z - 1 = -p*m + 5, 5*m + z = 18. What is the remainder when m is divided by 3?
1
Let m = 72 + -31. Suppose 1 = d - 3*o + 8, -d - 5*o + 33 = 0. Suppose m - d = b. Calculate the remainder when b is divided by 17.
16
Suppose 3*r + 68 = 7*r. Let a be (-4)/3 + 308/33. Suppose -1 = -m + a. Calculate the remainder when r is divided by m.
8
Let r = 8 - -1. Let z = r + 16. Suppose -3*y + 232 = 2*y - 4*n, 0 = 2*y - 2*n - 92. Calculate the remainder when y is divided by z.
23
Suppose 5 = -5*w + 20. Let i(b) = 17*b + 14. Let h(x) = 6*x + 5. Let u(n) = 11*h(n) - 4*i(n). Calculate the remainder when u(-4) is divided by w.
1
What is the remainder when 3/(-27) + 478/9 is divided by 11?
9
Suppose -7*b + 273 = -189. What is the remainder when b is divided by 17?
15
Let v(g) = -g**2 + 9*g + 11. Let b(i) = -i - 3. Let n be b(-6). Let w = -2 + n. What is the remainder when v(10) is divided by w?
0
Suppose -2*y - 24 = -4*y. Let f = -10 - -55. What is the remainder when f is divided by y?
9
What is the remainder when 36 is divided by (6/4)/(6/52)?
10
Let j = 9 + -6. Suppose j*m - 21 = 27. Let l = -9 + m. What is the remainder when 12 is divided by l?
5
Suppose 6*k - 3*k + r - 12 = 0, -3*r = k + 4. Suppose -187 = -k*f - 67. Calculate the remainder when 47 is divided by f.
23
Let s = -14 - -26. Suppose -4*l + 500 + 52 = 0. Suppose -5*g + 180 = 2*q + 3*q, g - l = -4*q. Calculate the remainder when q is divided by s.
10
Let u(x) = -2*x - 4. Calculate the remainder when u(-6) is divided by (-3 + (-22)/(-4))*2.
3
Suppose 2*j + 2*j = 3*l - 17, -2*j - 16 = -4*l. Calculate the remainder when 7 is divided by l.
1